{"id":550,"date":"2022-08-05T06:34:54","date_gmt":"2022-08-05T06:34:54","guid":{"rendered":"http:\/\/rechtsanwaeltin-jakob.de\/?page_id=550"},"modified":"2022-08-05T07:34:27","modified_gmt":"2022-08-05T07:34:27","slug":"familienrecht","status":"publish","type":"page","link":"http:\/\/rechtsanwaeltin-jakob.de\/?page_id=550","title":{"rendered":"Familienrecht"},"content":{"rendered":"\n<figure class=\"wp-block-gallery has-nested-images columns-default is-cropped wp-block-gallery-1 is-layout-flex wp-block-gallery-is-layout-flex\">\n<figure class=\"wp-block-image size-large\"><img loading=\"lazy\" decoding=\"async\" width=\"1024\" height=\"683\" data-id=\"551\" src=\"http:\/\/rechtsanwaeltin-jakob.de\/wp-content\/uploads\/2022\/08\/3L5A9903-1024x683.jpg\" alt=\"\" class=\"wp-image-551\" srcset=\"http:\/\/rechtsanwaeltin-jakob.de\/wp-content\/uploads\/2022\/08\/3L5A9903-1024x683.jpg 1024w, http:\/\/rechtsanwaeltin-jakob.de\/wp-content\/uploads\/2022\/08\/3L5A9903-300x200.jpg 300w, http:\/\/rechtsanwaeltin-jakob.de\/wp-content\/uploads\/2022\/08\/3L5A9903-768x512.jpg 768w, http:\/\/rechtsanwaeltin-jakob.de\/wp-content\/uploads\/2022\/08\/3L5A9903-1536x1024.jpg 1536w, http:\/\/rechtsanwaeltin-jakob.de\/wp-content\/uploads\/2022\/08\/3L5A9903-2048x1365.jpg 2048w\" sizes=\"auto, (max-width: 1024px) 100vw, 1024px\" \/><\/figure>\n<\/figure>\n\n\n\n<p>Im Bereich des Familienrechts berate und unterst\u00fctze ich Sie bei folgenden Themen:<\/p>\n\n\n<h1><strong><span style=\"color: #0c9900;\">Familienrecht<\/span><\/strong><\/h1>\n\n\n<div style=\"border: 6px #dbdbdb; padding: 10px; margin-right: 80px; background-color: #e3e3e3;\"><strong>Ehesachen<\/strong><\/div>\n\n\n\n<ul class=\"wp-block-list\"><li>Entwurf von Ehevertr\u00e4gen<\/li><li>Trennungsfolgenberatung<\/li><li>Scheidung<\/li><li>Verm\u00f6gensauseinandersetzung<\/li><li>Ehegattenunterhalt<\/li><li>Versorgungsausgleich<\/li><li>Ehewohnung und Hausrat<\/li><\/ul>\n\n\n\n<div style=\"border: 6px #dbdbdb; padding: 10px; margin-right: 80px; background-color: #e3e3e3;\"><strong>Familiensachen<\/strong><\/div>\n\n\n\n<ul class=\"wp-block-list\"><li>Unterhaltsrecht<\/li><li>Umgangsrecht<\/li><li>Elterliche Sorge<\/li><\/ul>\n","protected":false},"excerpt":{"rendered":"<p>Im Bereich des Familienrechts berate und unterst\u00fctze ich Sie bei folgenden Themen: Familienrecht Ehesachen Entwurf von Ehevertr\u00e4gen Trennungsfolgenberatung Scheidung Verm\u00f6gensauseinandersetzung Ehegattenunterhalt Versorgungsausgleich Ehewohnung und Hausrat Familiensachen Unterhaltsrecht Umgangsrecht Elterliche Sorge<\/p>\n","protected":false},"author":1,"featured_media":0,"parent":0,"menu_order":0,"comment_status":"closed","ping_status":"closed","template":"","meta":{"footnotes":""},"class_list":["post-550","page","type-page","status-publish","hentry","nodate","item-wrap"],"_links":{"self":[{"href":"http:\/\/rechtsanwaeltin-jakob.de\/index.php?rest_route=\/wp\/v2\/pages\/550","targetHints":{"allow":["GET"]}}],"collection":[{"href":"http:\/\/rechtsanwaeltin-jakob.de\/index.php?rest_route=\/wp\/v2\/pages"}],"about":[{"href":"http:\/\/rechtsanwaeltin-jakob.de\/index.php?rest_route=\/wp\/v2\/types\/page"}],"author":[{"embeddable":true,"href":"http:\/\/rechtsanwaeltin-jakob.de\/index.php?rest_route=\/wp\/v2\/users\/1"}],"replies":[{"embeddable":true,"href":"http:\/\/rechtsanwaeltin-jakob.de\/index.php?rest_route=%2Fwp%2Fv2%2Fcomments&post=550"}],"version-history":[{"count":10,"href":"http:\/\/rechtsanwaeltin-jakob.de\/index.php?rest_route=\/wp\/v2\/pages\/550\/revisions"}],"predecessor-version":[{"id":568,"href":"http:\/\/rechtsanwaeltin-jakob.de\/index.php?rest_route=\/wp\/v2\/pages\/550\/revisions\/568"}],"wp:attachment":[{"href":"http:\/\/rechtsanwaeltin-jakob.de\/index.php?rest_route=%2Fwp%2Fv2%2Fmedia&parent=550"}],"curies":[{"name":"wp","href":"https:\/\/api.w.org\/{rel}","templated":true}]}}