{"id":54,"date":"2013-08-27T20:47:57","date_gmt":"2013-08-27T18:47:57","guid":{"rendered":"http:\/\/web274.s08.speicheranbieter.de\/?page_id=54"},"modified":"2020-10-28T18:34:52","modified_gmt":"2020-10-28T18:34:52","slug":"kontakt","status":"publish","type":"page","link":"http:\/\/rechtsanwaeltin-jakob.de\/?page_id=54","title":{"rendered":"Kontakt"},"content":{"rendered":"<h1><span style=\"color: #0c9900;\">Kontakt<\/span><\/h1>\n<div style=\"margin-right: 80px;\">Meine B\u00fcror\u00e4ume finden Sie in der Gerhart-Hauptmann-Str. 6 in Erfurt. Parkm\u00f6glichkeiten finden Sie in unmittelbarer N\u00e4he. \u00dcber die Stra\u00dfenbahnlinie 6 verwenden sie die Haltestelle Puschkinstra\u00dfe.<\/div>\n<div><\/div>\n<p style=\"margin-right: 80px;\">Ich freue mich auf Ihren Besuch.<\/p>\n<div class=\"textwidget custom-html-widget\">Gerhart-Hauptmann-Str.6<br \/>\n99096 Erfurt<br \/>\nEmail: info@rechtsanwaeltin-jakob.de<br \/>\nTel: 03 61 \/ 43 05 63 85<br \/>\nFax: 03 61 \/ 43 05 63 86<\/p>\n<\/div>\n","protected":false},"excerpt":{"rendered":"<p>Kontakt Meine B\u00fcror\u00e4ume finden Sie in der Gerhart-Hauptmann-Str. 6 in Erfurt. Parkm\u00f6glichkeiten finden Sie in unmittelbarer N\u00e4he. \u00dcber die Stra\u00dfenbahnlinie 6 verwenden sie die Haltestelle Puschkinstra\u00dfe. Ich freue mich auf Ihren Besuch. Gerhart-Hauptmann-Str.6 99096 Erfurt Email: info@rechtsanwaeltin-jakob.de Tel: 03 61 \/ 43 05 63 85 Fax: 03 61 \/ 43 05 63 86<\/p>\n","protected":false},"author":1,"featured_media":0,"parent":0,"menu_order":0,"comment_status":"open","ping_status":"open","template":"","meta":{"footnotes":""},"class_list":["post-54","page","type-page","status-publish","hentry","nodate","item-wrap"],"_links":{"self":[{"href":"http:\/\/rechtsanwaeltin-jakob.de\/index.php?rest_route=\/wp\/v2\/pages\/54","targetHints":{"allow":["GET"]}}],"collection":[{"href":"http:\/\/rechtsanwaeltin-jakob.de\/index.php?rest_route=\/wp\/v2\/pages"}],"about":[{"href":"http:\/\/rechtsanwaeltin-jakob.de\/index.php?rest_route=\/wp\/v2\/types\/page"}],"author":[{"embeddable":true,"href":"http:\/\/rechtsanwaeltin-jakob.de\/index.php?rest_route=\/wp\/v2\/users\/1"}],"replies":[{"embeddable":true,"href":"http:\/\/rechtsanwaeltin-jakob.de\/index.php?rest_route=%2Fwp%2Fv2%2Fcomments&post=54"}],"version-history":[{"count":5,"href":"http:\/\/rechtsanwaeltin-jakob.de\/index.php?rest_route=\/wp\/v2\/pages\/54\/revisions"}],"predecessor-version":[{"id":501,"href":"http:\/\/rechtsanwaeltin-jakob.de\/index.php?rest_route=\/wp\/v2\/pages\/54\/revisions\/501"}],"wp:attachment":[{"href":"http:\/\/rechtsanwaeltin-jakob.de\/index.php?rest_route=%2Fwp%2Fv2%2Fmedia&parent=54"}],"curies":[{"name":"wp","href":"https:\/\/api.w.org\/{rel}","templated":true}]}}