{"id":25,"date":"2013-08-27T16:39:54","date_gmt":"2013-08-27T14:39:54","guid":{"rendered":"http:\/\/web274.s08.speicheranbieter.de\/?page_id=25"},"modified":"2025-05-18T08:39:33","modified_gmt":"2025-05-18T08:39:33","slug":"anwaelte","status":"publish","type":"page","link":"http:\/\/rechtsanwaeltin-jakob.de\/?page_id=25","title":{"rendered":"Rechtsanw\u00e4ltin"},"content":{"rendered":"<h1><img loading=\"lazy\" decoding=\"async\" class=\"aligncenter  wp-image-516\" src=\"http:\/\/rechtsanwaeltin-jakob.de\/wp-content\/uploads\/2021\/01\/3L5A0483-300x200.jpg\" alt=\"\" width=\"653\" height=\"436\" srcset=\"http:\/\/rechtsanwaeltin-jakob.de\/wp-content\/uploads\/2021\/01\/3L5A0483-300x200.jpg 300w, http:\/\/rechtsanwaeltin-jakob.de\/wp-content\/uploads\/2021\/01\/3L5A0483-768x512.jpg 768w, http:\/\/rechtsanwaeltin-jakob.de\/wp-content\/uploads\/2021\/01\/3L5A0483-2048x1365.jpg 2048w\" sizes=\"auto, (max-width: 653px) 100vw, 653px\" \/><\/h1>\n<h1><span style=\"color: #0c9900;\">Rechtsanw\u00e4ltin Monika Jakob<\/span><\/h1>\n<p style=\"margin-right: 80px;\">Ich setze mich mit hohem Engagement f\u00fcr Ihre Interessen ein. Mein Ziel ist es, stets eine optimale L\u00f6sung f\u00fcr Ihre Angelegenheit zu finden. Ich berate Sie umfassend und praxisorientiert.<\/p>\n<p style=\"margin-right: 80px;\">Durch die Kooperation mit einem erfahrenen Rechtsanwalt f\u00fcr Arbeits-, Miet- und Baurecht k\u00f6nnen weitreichende Kompetenzen an einem Ort geb\u00fcndelt werden.<\/p>\n<div><\/div>\n<div style=\"border: 6px #dbdbdb; padding: 10px; margin-right: 80px; background-color: #e3e3e3;\"><strong>2025 &#8211; Verleihung der Bezeichnung Fachanw\u00e4ltin f\u00fcr Familienrecht<\/strong><\/div>\n<div style=\"border: 6px #dbdbdb; padding: 10px; margin-right: 80px; background-color: #e3e3e3;\"><strong>2020 \u2013 Umzug der Kanzlei nach Erfurt und Umbenennung; B\u00fcrogemeinschaft mit Rechtsanwalt Manfred Raber<\/strong><\/div>\n<div style=\"border: 6px #dbdbdb; padding: 10px; margin-right: 80px; background-color: #e3e3e3;\"><strong>2013 \u2013 Gr\u00fcndung der JL Rechtsanwaltskanzlei in Weimar<\/strong><\/div>\n<div style=\"border: 6px #dbdbdb; padding: 10px; margin-right: 80px; background-color: #e3e3e3;\"><strong>2013 \u2013 Abschluss des 2. Staatsexamens zur Volljuristin\/ Assessorin<\/strong><\/div>\n<div style=\"border: 6px #dbdbdb; padding: 10px; margin-right: 80px; background-color: #e3e3e3;\"><strong>2011 \u2013 2013 &#8211;\u00a0 Referendariat in Th\u00fcringen mit Stationen am Amts- und Landgericht Erfurt, der Th\u00fcringer Staatskanzlei im Bereich Europa und Internationales, sowie einer renommierten Erfurter Rechtsanwaltskanzlei<\/strong><\/div>\n<div style=\"border: 6px #dbdbdb; padding: 10px; margin-right: 80px; background-color: #e3e3e3;\"><strong>2011 \u2013 Abschluss des 1. Staatsexamens\/ Diplomjurist<\/strong><\/div>\n<div style=\"border: 6px #dbdbdb; padding: 10px; margin-right: 80px; background-color: #e3e3e3;\"><strong>2006 \u2013 2011 Studium der Rechtswissenschaft an der Friedrich-Schiller-Universit\u00e4t Jena mit dem Schwerpunktbereich Erbrecht und Vertragsgestaltung<\/strong><\/div>\n","protected":false},"excerpt":{"rendered":"<p>Rechtsanw\u00e4ltin Monika Jakob Ich setze mich mit hohem Engagement f\u00fcr Ihre Interessen ein. Mein Ziel ist es, stets eine optimale L\u00f6sung f\u00fcr Ihre Angelegenheit zu finden. Ich berate Sie umfassend und praxisorientiert. Durch die Kooperation mit einem erfahrenen Rechtsanwalt f\u00fcr Arbeits-, Miet- und Baurecht k\u00f6nnen weitreichende Kompetenzen an einem Ort geb\u00fcndelt werden. 2025 &#8211; Verleihung &hellip; <\/p>\n<p><a class=\"more-link btn\" href=\"http:\/\/rechtsanwaeltin-jakob.de\/?page_id=25\">Weiterlesen<\/a><\/p>\n","protected":false},"author":1,"featured_media":0,"parent":0,"menu_order":0,"comment_status":"open","ping_status":"open","template":"template-twocolumnsleft.php","meta":{"footnotes":""},"class_list":["post-25","page","type-page","status-publish","hentry","nodate","item-wrap"],"_links":{"self":[{"href":"http:\/\/rechtsanwaeltin-jakob.de\/index.php?rest_route=\/wp\/v2\/pages\/25","targetHints":{"allow":["GET"]}}],"collection":[{"href":"http:\/\/rechtsanwaeltin-jakob.de\/index.php?rest_route=\/wp\/v2\/pages"}],"about":[{"href":"http:\/\/rechtsanwaeltin-jakob.de\/index.php?rest_route=\/wp\/v2\/types\/page"}],"author":[{"embeddable":true,"href":"http:\/\/rechtsanwaeltin-jakob.de\/index.php?rest_route=\/wp\/v2\/users\/1"}],"replies":[{"embeddable":true,"href":"http:\/\/rechtsanwaeltin-jakob.de\/index.php?rest_route=%2Fwp%2Fv2%2Fcomments&post=25"}],"version-history":[{"count":5,"href":"http:\/\/rechtsanwaeltin-jakob.de\/index.php?rest_route=\/wp\/v2\/pages\/25\/revisions"}],"predecessor-version":[{"id":573,"href":"http:\/\/rechtsanwaeltin-jakob.de\/index.php?rest_route=\/wp\/v2\/pages\/25\/revisions\/573"}],"wp:attachment":[{"href":"http:\/\/rechtsanwaeltin-jakob.de\/index.php?rest_route=%2Fwp%2Fv2%2Fmedia&parent=25"}],"curies":[{"name":"wp","href":"https:\/\/api.w.org\/{rel}","templated":true}]}}

Rechtsanwältin

<h1><img loading="lazy" decoding="async" class="aligncenter  wp-image-516" src="http://rechtsanwaeltin-jakob.de/wp-content/uploads/2021/01/3L5A0483-300x200.jpg" alt="" width="653" height="436" srcset="http://rechtsanwaeltin-jakob.de/wp-content/uploads/2021/01/3L5A0483-300x200.jpg 300w, http://rechtsanwaeltin-jakob.de/wp-content/uploads/2021/01/3L5A0483-768x512.jpg 768w, http://rechtsanwaeltin-jakob.de/wp-content/uploads/2021/01/3L5A0483-2048x1365.jpg 2048w" sizes="auto, (max-width: 653px) 100vw, 653px" /></h1>
<h1><span style="color: #0c9900;">Rechtsanwältin Monika Jakob</span></h1>
<p style="margin-right: 80px;">Ich setze mich mit hohem Engagement für Ihre Interessen ein. Mein Ziel ist es, stets eine optimale Lösung für Ihre Angelegenheit zu finden. Ich berate Sie umfassend und praxisorientiert.</p>
<p style="margin-right: 80px;">Durch die Kooperation mit einem erfahrenen Rechtsanwalt für Arbeits-, Miet- und Baurecht können weitreichende Kompetenzen an einem Ort gebündelt werden.</p>
<div></div>
<div style="border: 6px #dbdbdb; padding: 10px; margin-right: 80px; background-color: #e3e3e3;"><strong>2025 &#8211; Verleihung der Bezeichnung Fachanwältin für Familienrecht</strong></div>
<div style="border: 6px #dbdbdb; padding: 10px; margin-right: 80px; background-color: #e3e3e3;"><strong>2020 – Umzug der Kanzlei nach Erfurt und Umbenennung; Bürogemeinschaft mit Rechtsanwalt Manfred Raber</strong></div>
<div style="border: 6px #dbdbdb; padding: 10px; margin-right: 80px; background-color: #e3e3e3;"><strong>2013 – Gründung der JL Rechtsanwaltskanzlei in Weimar</strong></div>
<div style="border: 6px #dbdbdb; padding: 10px; margin-right: 80px; background-color: #e3e3e3;"><strong>2013 – Abschluss des 2. Staatsexamens zur Volljuristin/ Assessorin</strong></div>
<div style="border: 6px #dbdbdb; padding: 10px; margin-right: 80px; background-color: #e3e3e3;"><strong>2011 – 2013 &#8211;  Referendariat in Thüringen mit Stationen am Amts- und Landgericht Erfurt, der Thüringer Staatskanzlei im Bereich Europa und Internationales, sowie einer renommierten Erfurter Rechtsanwaltskanzlei</strong></div>
<div style="border: 6px #dbdbdb; padding: 10px; margin-right: 80px; background-color: #e3e3e3;"><strong>2011 – Abschluss des 1. Staatsexamens/ Diplomjurist</strong></div>
<div style="border: 6px #dbdbdb; padding: 10px; margin-right: 80px; background-color: #e3e3e3;"><strong>2006 – 2011 Studium der Rechtswissenschaft an der Friedrich-Schiller-Universität Jena mit dem Schwerpunktbereich Erbrecht und Vertragsgestaltung</strong></div>

<p>Rechtsanwältin Monika Jakob Ich setze mich mit hohem Engagement für Ihre Interessen ein. Mein Ziel ist es, stets eine optimale Lösung für Ihre Angelegenheit zu finden. Ich berate Sie umfassend und praxisorientiert. Durch die Kooperation mit einem erfahrenen Rechtsanwalt für Arbeits-, Miet- und Baurecht können weitreichende Kompetenzen an einem Ort gebündelt werden. 2025 &#8211; Verleihung &hellip; </p>
<p><a class="more-link btn" href="http://rechtsanwaeltin-jakob.de/?page_id=25">Weiterlesen</a></p>
